{"id":2722,"date":"2026-03-14T12:01:06","date_gmt":"2026-03-14T15:01:06","guid":{"rendered":"https:\/\/isptconcordia-ers.infd.edu.ar\/sitio\/?page_id=2722"},"modified":"2026-03-14T12:14:31","modified_gmt":"2026-03-14T15:14:31","slug":"estudiantes","status":"publish","type":"page","link":"https:\/\/isptconcordia-ers.infd.edu.ar\/sitio\/estudiantes\/","title":{"rendered":"Estudiantes"},"content":{"rendered":"\n<p>Todos los estudiantes de 1\u00b0 a 4\u00b0 a\u00f1o de todas las carreras pueden solicitar usuario en el Sage (Sistema de Administraci\u00f3n de la Gesti\u00f3n Educativa)- Por consultas sobre gesti\u00f3n de claves y cuestiones relacionadas con el sistema : sage.cge@entrerios.edu.ar<\/p>\n\n\n\n<figure class=\"wp-block-embed\"><div class=\"wp-block-embed__wrapper\">\nhttps:\/\/sage.entrerios.gov.ar\/login\/\n<\/div><\/figure>\n\n\n\n<figure class=\"wp-block-image size-full\"><img decoding=\"async\" loading=\"lazy\" width=\"501\" height=\"418\" src=\"https:\/\/isptconcordia-ers.infd.edu.ar\/sitio\/wp-content\/uploads\/2026\/03\/imagen.png\" alt=\"\" class=\"wp-image-2726\"\/><\/figure>\n\n\n\n<p>Solo los estudiantes de la Cohorte 2025 y 2026 de los Profesorados de Ed. Sec. Biologia, F\u00edsica, Qu\u00edmica, Matem\u00e1tica pueden inscribirse directamente en las Unidades curriculares que van a cursar<\/p>\n\n\n\n<figure class=\"wp-block-video\"><video controls src=\"https:\/\/isptconcordia-ers.infd.edu.ar\/sitio\/wp-content\/uploads\/2026\/03\/Inscripcion-a-materias-por-carrera-en-SAGE-.1.mp4\"><\/video><\/figure>\n","protected":false},"excerpt":{"rendered":"<p>Todos los estudiantes de 1\u00b0 a 4\u00b0 a\u00f1o de todas las carreras pueden solicitar usuario en el Sage (Sistema de Administraci\u00f3n de la Gesti\u00f3n Educativa)- Por consultas sobre gesti\u00f3n de claves y cuestiones relacionadas con el sistema : sage.cge@entrerios.edu.ar Solo los estudiantes de la Cohorte 2025 y 2026 de los Profesorados de Ed. Sec. Biologia, &#8230; <a title=\"Estudiantes\" class=\"read-more\" href=\"https:\/\/isptconcordia-ers.infd.edu.ar\/sitio\/estudiantes\/\" aria-label=\"More on Estudiantes\">[+]<\/a><\/p>\n","protected":false},"author":77,"featured_media":0,"parent":0,"menu_order":0,"comment_status":"closed","ping_status":"closed","template":"","meta":[],"acf":[],"_links":{"self":[{"href":"https:\/\/isptconcordia-ers.infd.edu.ar\/sitio\/wp-json\/wp\/v2\/pages\/2722"}],"collection":[{"href":"https:\/\/isptconcordia-ers.infd.edu.ar\/sitio\/wp-json\/wp\/v2\/pages"}],"about":[{"href":"https:\/\/isptconcordia-ers.infd.edu.ar\/sitio\/wp-json\/wp\/v2\/types\/page"}],"author":[{"embeddable":true,"href":"https:\/\/isptconcordia-ers.infd.edu.ar\/sitio\/wp-json\/wp\/v2\/users\/77"}],"replies":[{"embeddable":true,"href":"https:\/\/isptconcordia-ers.infd.edu.ar\/sitio\/wp-json\/wp\/v2\/comments?post=2722"}],"version-history":[{"count":4,"href":"https:\/\/isptconcordia-ers.infd.edu.ar\/sitio\/wp-json\/wp\/v2\/pages\/2722\/revisions"}],"predecessor-version":[{"id":2731,"href":"https:\/\/isptconcordia-ers.infd.edu.ar\/sitio\/wp-json\/wp\/v2\/pages\/2722\/revisions\/2731"}],"wp:attachment":[{"href":"https:\/\/isptconcordia-ers.infd.edu.ar\/sitio\/wp-json\/wp\/v2\/media?parent=2722"}],"curies":[{"name":"wp","href":"https:\/\/api.w.org\/{rel}","templated":true}]}}